830)/(-84) - 2/(-4)?
55
Suppose 2*o = 3*w + 2*w + 38, 2*w - 28 = -o. Suppose 2 = -q - 2*i, -4*q - 3*i = i - 12. What is the remainder when o + (-2)/(-1 - -3) is divided by q?
7
Let u(k) = 7*k**3 + k**2 - k + 1. Calculate the remainder when 0 + (0/(-2) - -31) is divided by u(1).
7
Suppose 342 + 406 = 11*o. Calculate the remainder when o is divided by 23.
22
Let p = -757 - -851. Calculate the remainder when p is divided by 14.
10
Let n(t) = -6*t**2 + 25*t - 5. Calculate the remainder when 99 is divided by n(3).
3
Let k = -31 - -82. Let j = k + -2. Calculate the remainder when j is divided by 20.
9
Suppose 2 = -2*i + 2*d, 3*d - 14 = -i - d. Let r(k) = k + 0*k**2 + 2*k + k**i - 2*k. Calculate the remainder when 47 is divided by r(-4).
11
Let w(q) = -q**3 + 3*q**2 - q - 1. Let x be w(2). Calculate the remainder when 6 is divided by x/(1 - 9/12).
2
Let t(f) = f**2 + 5*f + 5. Let d be t(-2). Let l(p) = -9*p - 2. Calculate the remainder when 11 is divided by l(d).
4
Suppose 5*l = -240*c + 244*c + 227, 3*l - c = 139. What is the remainder when l is divided by ((-3)/(-4))/(1/32)?
23
Let v(d) = d**2 + 12*d + 1. Suppose z = j + 63, -2*z = j + 4*j - 161. Calculate the remainder when z is divided by v(-13).
12
Suppose 0 = 19*l - 305 - 170. Calculate the remainder when 92 is divided by l.
17
Let j(k) = 25*k + 1. Let x be j(1). Suppose 0 = 2*p - 18 - x. What is the remainder when p is divided by ((-2)/4)/((-1)/12)?
4
Suppose 50 = 10*l - 5*l. What is the remainder when 228 is divided by l?
8
Suppose -53*u = -29*u - 4944. Calculate the remainder when u is divided by 50.
6
Let i(s) = 3*s + 47. What is the remainder when 159 is divided by i(4)?
41
Let g(i) = 12*i + 537. Calculate the remainder when 82 is divided by g(-43).
19
Suppose t = -3, 0*h - 2*h = -3*t + 3. Suppose -5*b - 4*z + 107 = -z, 2*z + 11 = b. What is the remainder when b is divided by (-10)/(-15) - 62/h?
8
Suppose -c + 2 + 1 = 0. Suppose 2*b - c*b - 4*j + 96 = 0, 4*b - 5*j = 321. Calculate the remainder when b is divided by ((6/4)/1)/(15/170).
16
Let i(p) = 25*p + 33. Calculate the remainder when i(3) is divided by 19.
13
Suppose 0 = -p + 4. Let g be 98/p*(4 - 2). Let b = g - 23. Calculate the remainder when b is divided by 9.
8
Let d(v) = 40*v**3 - 3*v + 2. What is the remainder when 349 is divided by d(1)?
37
Suppose 0*l - 2*l = -18. Suppose -30 = l*s - 12*s. Calculate the remainder when 128/7 + 2/(-7) is divided by s.
8
Let t(g) = 2*g**2 + 77*g - 90. Calculate the remainder when t(-42) is divided by 41.
40
Let u = 659 + -611. Let f = 14 + -4. Calculate the remainder when u is divided by f.
8
Let w = 79 - 34. What is the remainder when 84 is divided by w?
39
Let r be 28/(-56) + (-9)/(-2). Suppose f + 3*q + 84 = r*f, -q = -4. What is the remainder when 95 is divided by f?
31
Let m be -14 + 4/(-8)*-4. Let g = 6 + 16. Let y = g + m. Calculate the remainder when y is divided by 4.
2
Suppose 3*p + 44 = -2*d + 1, -8 = d - 3*p. Let i = 61 + d. Let t = 22 + i. What is the remainder when t is divided by 17?
15
Let j(b) = -b + 23. Calculate the remainder when -2 + 4/4 + 30 is divided by j(13).
9
Let t(k) = 3*k**2 - 5*k - 2. Let x be t(4). Let p = -4 + x. Calculate the remainder when 64 is divided by p.
20
Let c = -36 - -40. Suppose -c*z = -3*t - 51, -5*z + 3*t = -38 - 22. What is the remainder when 34 is divided by z?
7
Suppose -3*r = -2*v + 312, 6*r = 3*v + 5*r - 468. What is the remainder when v is divided by 40?
36
Suppose -2*q + 2*a = -12, 0*q = 2*q + a - 3. Calculate the remainder when 43 - (-4 - q/(-1)) is divided by 12.
8
Suppose 12*w - 200 = 100. Suppose 579 = 3*p - 0*p. Suppose -99 = -4*y + p. What is the remainder when y is divided by w?
23
Suppose -5*h + h + 127 = 3*n, 22 = h + 4*n. What is the remainder when 123 is divided by h?
21
Let d(r) = 14*r - 1425. Let h = 26 - 9. What is the remainder when h is divided by d(102)?
2
Let y(t) = -t**3 + 2*t**2 + t - 3. Let z = -28 - -26. Calculate the remainder when 20 is divided by y(z).
9
Suppose -4*j + 30 + 58 = -4*y, -3*j = 4*y - 87. What is the remainder when 115 is divided by j?
15
Suppose -3*m = 0, -2*y + 48 + 270 = 2*m. Calculate the remainder when y is divided by 40.
39
Let w = 1424 + -1410. Calculate the remainder when 238 is divided by w.
0
Suppose c - 5 = -0*c. Suppose -c*p + 0*p = -60. Suppose 9*y - 462 = -39. What is the remainder when y is divided by p?
11
Suppose 6*f + 3*p = 4*f - 238, -4*f - 4*p - 468 = 0. Let g = 123 + f. Calculate the remainder when g is divided by 5.
0
Let h = -854 + 864. Let t(i) = 7*i + 2. Let w be t(6). Suppose -2*l + 21 = c - 11, 2*l = c - w. Calculate the remainder when c is divided by h.
8
Let b be (-8)/12 + (-182)/(-3). Suppose -b = -4*n - 12. Let g(s) = 3*s**2 - 2*s + 2. What is the remainder when g(3) is divided by n?
11
Let j be 3/24*4*0. Let m = -15 - j. Let r(i) = i**3 + 15*i**2 - i - 6. Calculate the remainder when 32 is divided by r(m).
5
Let r(l) = l**2 + 2*l + 3. Let u be r(0). Suppose 0 = -j + 23 + u. What is the remainder when 77 is divided by j?
25
Let c = 363 + -282. Calculate the remainder when c is divided by 18.
9
Let b = -100 - -1162. What is the remainder when b is divided by 19?
17
Let h = -179 - -192. Let j be 76/3 - (-4)/6. Suppose 122 = 4*r - j. What is the remainder when r is divided by h?
11
Suppose -4*n + 5*c + 13 = 0, n + n - 4*c = 14. Let l = n - -3. Suppose 11*a - 6*a - 50 = l. Calculate the remainder when 27 is divided by a.
7
Let k(u) = -2*u - 4. Let w be k(-6). Let t be 1/4 - (-110)/w. Calculate the remainder when 354/t + (-6)/21 is divided by 9.
7
Suppose 0 = n - 80 + 82, -5*d + 2*n = -59. What is the remainder when 117 is divided by d?
7
Suppose 0 = -f + 2, 0*f + 374 = 4*r + f. Let u = r + -40. Calculate the remainder when u is divided by 14.
11
Suppose -2*c = 21 - 13. Calculate the remainder when (-58)/c*(-1 + 3) is divided by 11.
7
Suppose 518 = 2*j - 5*w, 7*j - 1036 = 3*j - w. Calculate the remainder when j is divided by 52.
51
Let b(v) = v. Let f be b(0). Suppose 4*p = -2*t + 28, -5*t - 17 = -2*p - 3. What is the remainder when p is divided by 2 - f - (2 - 2)?
1
Let w(u) = 2*u**3 + 14*u**2 - 61*u + 35. What is the remainder when w(4) is divided by 66?
11
Suppose 15*w - 189 = 6*w. What is the remainder when 80 is divided by w?
17
Suppose -13188 = -3*t - 9*t. Calculate the remainder when t is divided by 100.
99
What is the remainder when (-1668)/9*48/(-64) is divided by 75?
64
Suppose 0 = 5*z + 2*z. Suppose v - 13 - 14 = z. What is the remainder when 105 is divided by v?
24
Let z be (4 + -22)/((-2)/31). Suppose -3*q = -4*b + z, -422 + 72 = -5*b + 4*q. Let x = 28 + -11. What is the remainder when b is divided by x?
15
Let f(p) = p**2 + 10*p - 10. Let g be f(-9). Let d(i) = i**2 + 16*i + 20. Suppose 2*s = 14 + 26. What is the remainder when d(g) is divided by s?
17
Let s = -61 + 87. Calculate the remainder when 13 is divided by (s/13)/((-2)/(-4)).
1
Suppose -16*c + 516 = 27*c. Let s = 72 + -2. Calculate the remainder when s is divided by c.
10
Suppose -3*r + 13 = -q, 5*r + 102 = -3*q + 7. Let p = q - -34. Calculate the remainder when (-1)/(((-25)/(-165))/(-5)) is divided by p.
6
Let r = -889 - -957. Calculate the remainder when 132 is divided by r.
64
Let g be -1 + -2 + 4 + 1. Let n(q) = 3*q**2 - 2*q + 3*q + 2 + 2 - 2*q**g. What is the remainder when n(7) is divided by 31?
29
Suppose -3*c = h - 22, 6 = 3*c - 6*c. Calculate the remainder when 630/h + 3/2 is divided by 7.
3
Suppose 33*p - 37*p = -284. Calculate the remainder when p is divided by (-2 - -6)/2 - -34.
35
Let n be -5*(3 + (-47)/5). Let w = n + -18. What is the remainder when w is divided by 1/1 - 2 - -6?
4
Let i = 1062 - 957. What is the remainder when i is divided by 30?
15
Calculate the remainder when 5/(70/4) + (-486)/(-14) is divided by 13.
9
Let f = -318 + 327. Calculate the remainder when f is divided by 8.
1
Suppose -k - 157 = 55*d - 56*d, 0 = -4*d + 5*k + 628. Calculate the remainder when d is divided by 145.
12
What is the remainder when 34 is divided by (84/(-20) + 6)*(6 - 1)?
7
Let b be 22/8 - (-18)/(-24). Suppose b*o - q + 29 = 3*o, 105 = 5*o - 5*q. What is the remainder when o is divided by 14?
11
Suppose -5*n + 4*q + 133 = 0, 4*q = -5*n + 5*q + 127. Suppose -6*a + n*a - 247 = 0. What is the remainder w